
17
What is the greatest common divisor of 708 and 72?
12
Calculate the highest common divisor of 6 and 96.
6
What is the greatest common factor of 12374 and 46?
46
Calculate the highest common divisor of 172 and 129.
43
What is the highest common divisor of 33 and 825?
33
What is the highest common factor of 49894 and 606?
202
Calculate the greatest common factor of 385 and 105.
35
What is the highest common factor of 18187 and 13?
13
What is the highest common factor of 427 and 7?
7
Calculate the highest common factor of 192 and 18.
6
What is the greatest common factor of 20 and 11280?
20
Calculate the highest common divisor of 46 and 12374.
46
Calculate the greatest common divisor of 13044 and 96.
12
What is the greatest common divisor of 32 and 18?
2
Calculate the highest common divisor of 14 and 2114.
14
What is the greatest common divisor of 169 and 208?
13
What is the greatest common factor of 35 and 45?
5
What is the highest common factor of 17 and 1819?
17
Calculate the greatest common factor of 3 and 1041.
3
What is the highest common factor of 9 and 1359?
9
Calculate the highest common divisor of 109 and 4033.
109
What is the greatest common divisor of 396 and 99?
99
Calculate the greatest common divisor of 775 and 50.
25
Calculate the highest common factor of 363 and 1386.
33
What is the greatest common factor of 140 and 40?
20
Calculate the highest common divisor of 105 and 3220.
35
Calculate the highest common divisor of 40 and 2640.
40
What is the highest common divisor of 65 and 1274?
13
Calculate the highest common factor of 2550 and 600.
150
What is the highest common divisor of 297 and 11?
11
What is the highest common divisor of 196 and 16?
4
Calculate the greatest common factor of 40 and 6920.
40
What is the greatest common factor of 111 and 25308?
111
What is the greatest common divisor of 721 and 7?
7
What is the greatest common factor of 4740 and 60?
60
What is the highest common divisor of 18 and 738?
18
What is the greatest common divisor of 8 and 40?
8
Calculate the highest common factor of 42 and 42.
42
What is the greatest common divisor of 152 and 228?
76
What is the greatest common divisor of 18 and 711?
9
What is the greatest common divisor of 507 and 312?
39
Calculate the greatest common divisor of 60 and 6060.
60
Calculate the greatest common divisor of 108 and 4.
4
What is the highest common divisor of 425 and 10?
5
What is the greatest common factor of 4806 and 144?
18
Calculate the highest common divisor of 39 and 65.
13
What is the greatest common divisor of 6488 and 32?
8
Calculate the greatest common divisor of 216 and 3312.
72
Calculate the greatest common divisor of 9960 and 50.
10
What is the highest common factor of 4600 and 200?
200
What is the highest common factor of 77 and 4037?
11
Calculate the highest common factor of 18 and 558.
18
What is the greatest common factor of 129 and 29713?
43
What is the greatest common factor of 46 and 1035?
23
Calculate the greatest common divisor of 55 and 605.
55
What is the greatest common factor of 246 and 2542?
82
What is the highest common factor of 825 and 225?
75
What is the highest common divisor of 226 and 8?
2
What is the highest common divisor of 51 and 4131?
51
What is the highest common factor of 351 and 108?
27
What is the greatest common factor of 65 and 85?
5
What is the highest common factor of 30 and 50?
10
What is the highest common factor of 3151 and 184?
23
What is the greatest common factor of 3139 and 43?
43
Calculate the greatest common factor of 2025 and 75.
75
Calculate the greatest common factor of 46 and 3542.
46
Calculate the greatest common divisor of 204 and 588.
12
What is the greatest common divisor of 174 and 30?
6
What is the highest common factor of 10642 and 306?
34
Calculate the highest common factor of 60 and 156.
12
What is the greatest common divisor of 40 and 15?
5
Calculate the highest common factor of 171 and 2071.
19
Calculate the greatest common factor of 504 and 3444.
84
Calculate the highest common divisor of 28 and 8.
4
Calculate the greatest common factor of 2958 and 464.
58
What is the greatest common factor of 175 and 2695?
35
Calculate the greatest common divisor of 544 and 1496.
136
What is the highest common factor of 190 and 80?
10
Calculate the greatest common divisor of 106 and 106.
106
What is the greatest common factor of 186 and 124?
62
Calculate the highest common factor of 36 and 486.
18
What is the highest common divisor of 8 and 184?
8
What is the greatest common factor of 10 and 2110?
10
Calculate the greatest common divisor of 878 and 1.
1
Calculate the greatest common factor of 88 and 33.
11
What is the highest common divisor of 69 and 21?
3
What is the highest common factor of 364 and 588?
28
Calculate the highest common factor of 360 and 33552.
72
What is the greatest common factor of 95 and 95?
95
Calculate the greatest common divisor of 17 and 629.
17
What is the highest common factor of 156 and 3393?
39
Calculate the highest common factor of 5 and 11965.
5
What is the greatest common divisor of 1458 and 84?
6
What is the greatest common divisor of 1446 and 54?
6
Calculate the highest common divisor of 16 and 48.
16
What is the highest common divisor of 32 and 80?
16
Calculate the highest common divisor of 28 and 4354.
14
Calculate the greatest common factor of 50 and 4210.
10
What is the highest common divisor of 20 and 160?
20
Calculate the greatest common factor of 3306 and 76.
38
Calculate the greatest common divisor of 3644 and 4.
4
Calculate the highest common divisor of 144 and 1278.
18
What is the highest common divisor of 30 and 6?
6
Calculate the greatest common factor of 2 and 32.
2
Calculate the greatest common divisor of 6160 and 80.
80
What is the highest common divisor of 89 and 1691?
89
What is the greatest common factor of 105 and 7455?
105
Calculate the highest common divisor of 24 and 608.
8
What is the greatest common factor of 392 and 20?
4
What is the highest common factor of 14 and 14?
14
What is the greatest common divisor of 68 and 21522?
34
Calculate the highest common divisor of 1622 and 8.
2
What is the greatest common factor of 18 and 54?
18
Calculate the highest common divisor of 349 and 2.
1
What is the greatest common factor of 636 and 324?
12
Calculate the greatest common factor of 36 and 1164.
12
Calculate the highest common factor of 34 and 32.
2
What is the greatest common divisor of 9 and 471?
3
What is the greatest common factor of 11646 and 6?
6
Calculate the highest common factor of 6441 and 57.
57
Calculate the greatest common divisor of 232 and 551.
29
Calculate the highest common divisor of 267 and 445.
89
What is the greatest common divisor of 644 and 112?
28
Calculate the greatest common factor of 1015 and 35.
35
What is the highest common divisor of 8398 and 76?
38
Calculate the highest common factor of 807 and 11567.
269
What is the highest common factor of 8 and 412?
4
What is the greatest common divisor of 12236 and 161?
161
What is the highest common divisor of 81786 and 258?
258
Calculate the greatest common divisor of 350 and 2275.
175
Calculate the highest common divisor of 8 and 758.
2
What is the greatest common divisor of 175 and 14?
7
Calculate the highest common divisor of 10071 and 18.
9
Calculate the highest common divisor of 42 and 350.
14
What is the highest common factor of 194 and 291?
97
What is the highest common divisor of 174 and 2784?
174
Calculate the greatest common divisor of 1344 and 1848.
168
Calculate the greatest common divisor of 160 and 200.
40
Calculate the greatest common divisor of 78 and 42.
6
Calculate the highest common divisor of 120 and 2780.
20
What is the greatest common divisor of 644 and 301?
7
What is the greatest common factor of 38 and 14?
2
Calculate the highest common factor of 5 and 200.
5
Calculate the highest common divisor of 1062 and 944.
118
Calculate the greatest common divisor of 1958 and 22.
22
Calculate the greatest common factor of 336 and 60.
12
What is the highest common factor of 1116 and 18?
18
What is the greatest common divisor of 50 and 175?
25
What is the highest common divisor of 30 and 16?
2
What is the greatest common factor of 8 and 174?
2
What is the highest common facto